 the value of 2 + (-4 - 4) - -4 - (-1 - -10)?
-11
(-14 - -12) + 5 - 7
-4
Calculate (25 - 0 - (-126 + 132)) + -11.
8
Evaluate -11 + 20 + (-8 - 5).
-4
2 + (15 + -9 - -2) - (3 - 2)
9
Evaluate -21 + (-3 + 2 + 2 - (-33 + 29)).
-16
Evaluate -5 - ((7 + 0 - (-2 + 13)) + 9).
-10
Calculate (5 - 0) + -13 - (7 - (4 - -2)).
-9
Evaluate -14 - (10 - -3) - -15.
-12
Evaluate (0 - 3) + (18 - -1) + -14 + -7.
-5
Calculate -4 + -12 + (33 - 10) + 21.
28
44 + -49 - (-2 + 16)
-19
Calculate 2 - 23 - (-25 - (-13 - 3)).
-12
Calculate 6 - (-3 + -8 - 1).
18
Calculate 598 + -623 - (-2 - -13).
-36
-2 + (-8 - (-2 - -1) - -25)
16
What is (-24 - -3 - -12 - -12) + -6 + -10?
-13
Calculate 0 + 27 + 39 + -64.
2
What is the value of -10 - 7 - (-29 - -1)?
11
Calculate -12 + 23 + -20 - (-11 + 30).
-28
Evaluate -1 + 2 + (1 - 9) - -23.
16
Evaluate 4 + -19 - -8 - (15 + 1 + 3).
-26
Evaluate 1 - 3 - (22 - 18) - -5 - -11.
10
Calculate -9 + (-2 - -15) - -5.
9
Calculate 11 + (14 - 13 - 5 - 24).
-17
What is the value of -5 + (-3 - -11) + -22 - -3?
-16
Calculate 15 + -8 + -9 - (-9 + 14).
-7
What is the value of -9 + (-4 - 0 - (6 - 15))?
-4
Evaluate -8 + -1 + 22 - 8.
5
What is the value of 2 + (0 - -4) - (5 - (-4 + 4))?
1
What is 0 + -2 + 23 + -39?
-18
What is 19 + (-2 - 8) + 6 + 1 - -3?
19
What is (-1396 - -1405) + -2 + 0 + -1 + 12?
18
Calculate -11 - (2 + -9 + (1 - -5 - -2)).
-12
Evaluate 7 + -21 - 2 - (-4 + -26).
14
Evaluate 4 + -5 + (-6 - (-39 + 13)).
19
(-8 - 2 - -3) + (8 - 1 - 1)
-1
Calculate 5 + -10 + -1 + 0 + (-85 - -80).
-11
What is the value of (2 + 1 - (-185 + 180)) + (-2 - -8)?
14
What is the value of (9 - (30 + -18)) + 4?
1
What is -2 + 4 + 9 + -8 + 11 + -21?
-7
(8 - 4 - 7 - 7) + 34
24
-1 + (-14 + 15 - -3) + -18
-15
34 - 23 - (-16 - (8 + (-4 - 1)))
30
Evaluate 6 + -2 + 2 - (-23 - -38).
-9
What is 4 + -27 - (5 - 20)?
-8
Calculate (7 - -1) + -15 + (-17 - -35).
11
-24 - (-36 - (-29 - -29))
12
(1 - -4) + -1 - (-23 + 27 - 7)
7
What is the value of -17 + 12 + 0 + -5 + -2?
-12
What is -19 + 8 - -31 - 31?
-11
Evaluate 2 + -5 - ((0 - -3) + -11).
5
What is 9 + (-24 - (-18 + -12))?
15
What is (1 - -12) + (-10 - ((0 - 18) + 6))?
15
Calculate 3 - (-4 - (2 + 0)).
9
0 + 2 - -14 - (-2025 + 2014)
27
What is the value of -19 + (8 - 4) + -5?
-20
15 + -9 + (-14 - -1) + 30 + -35
-12
What is the value of -2 + (0 - -9 - 7) + -3 + -29?
-32
Calculate (-24 - 3 - -2) + (534 - 525).
-16
Calculate (0 - (-1 - -8) - -8) + -19.
-18
Calculate 15 - (22 + -17) - (1 + 0).
9
What is -23 + (-4 - -5) + 1 + 0 - -7?
-14
5 + (3 - 3 - 2) + -6
-3
21 - (2 + (0 - (-11 + 3) - 6))
17
What is (-33 - -32) + (-6 - -9) + -3?
-1
1 + (-38 - -74) + -18
19
Evaluate -11 + 0 + 0 - (69 - -78 - 145).
-13
What is the value of 5 - ((-5 - (2 + -6)) + (-4 - 2))?
12
Calculate 9 - (-20 + 16) - (-4 - -3).
14
Evaluate (3 - -2) + -6 + 11.
10
-1 + (-2 + -1 - (-3 - -6 - 10))
3
Calculate (8 - (0 - -7)) + -4.
-3
Calculate (18 - (-1 + 3)) + (-11 - (-8 - 2)).
15
18 + (8 - (24 + 2))
0
Calculate (-3 - -8) + -4 + -2 + 12.
11
What is the value of 13 + -16 + 2 + 2 + -1?
0
What is the value of 15 + -7 + (-13 - 4)?
-9
What is -2 + (-14 - (25 - 34)) + -2 + 1?
-8
What is 31 - (44 - (-5 - -32))?
14
What is the value of -25 + 17 + -14 + 44?
22
Evaluate 18 - (4 + (-8 + 3 - -4) - 2).
17
What is the value of -3 - (14 - 10) - (7 + -25) - 9?
2
-6 + 0 - (-319 + 327)
-14
What is the value of (7 - 8) + (0 - -17 - (21 - 17))?
12
3 + 3 - (-140 + 141)
5
What is the value of (0 - 66) + 396 + -360?
-30
-45 - -52 - (-6 - ((3 - 2) + -2))
12
Calculate (-9 - -1) + (-2 - 17 - -5 - -3).
-19
Calculate 9 + 8 + -18 + (5 - -5).
9
Calculate 2 + 5 - (-108 - -110).
5
What is the value of 4 + 2 - (7 - (2 + -4 + 9))?
6
What is the value of 18 + -6 - 25 - -12 - (2 + 1)?
-4
What is the value of (18 - 33) + (0 - -1 - 0)?
-14
What is the value of -9 + -5 - (6 - (-3 + 4 + 2))?
-17
Evaluate 8 - (13 - (5 + -2 + -4) - 4).
-2
(10 - 10) + 5 + (5 - -3)
13
What is 69 - 21 - (-1 + 26)?
23
4 - (16 + (6 - 14) + 1)
-5
What is -1 + 10 - ((6 - -12) + -16)?
7
What is the value of (1 - (-1 + 0) - (-295 + 301)) + 12?
8
2 - (0 - (-6 + 6))
2
Calculate (1 - 1 - 3 - 2) + 20.
15
Evaluate 5 + -2 + 3 - (-14 + 9 - -2).
9
(-8 + 4 - -2) + (9 - -5) + -8
4
What is (3 - 0 - (4 - -2 - 10)) + 9?
16
Calculate 21 - (23 + (-21 - -17)).
2
-2 + (-3 - (27 + -33 + (-13 - 0)))
14
-6 + 11 - (6 + -1 - 9) - -14
23
-23 + (1 - 4) + 19 + -14
-21
What is -19 + 31 + -17 - (1 + 3 - -1)?
-10
Evaluate -5 - ((4 - 8 - (11 - 6)) + 8).
-4
What is (-42 - -54) + -21 + 0?
-9
What is the value of 1 - ((6 - 5) + -3 + 7)?
-4
What is (18 - -5) + -8 + -5?
10
Calculate (23 - 63) + 30 + (-3 - 0).
-13
What is the value of -10 + -4 + (-10 - ((16 - 11) + -9))?
-20
What is the value of (4 + -22 - (-2 + -2) - 3) + 3?
-14
Calculate -1 + 8 + (16 - 27) + 9.
5
Calculate 5 - (0 + (11 - (-7 + 10)) + 7).
-10
Evaluate (-6 - 3 - ((4 - 4) + -6)) + -22.
-25
Evaluate 2 + 4 + -2 + -6 + -3 + 4.
-1
What is -8 + (3 - 9 - (21 + -23))?
-12
Evaluate 3 - (-22 - -30 - (0 - -14)) - 23.
-14
Evaluate 46 + -42 - (6 - 1).
-1
What is the value of 5 - (-2 + 6 - (31 - 19))?
13
What is 39 + 0 - (24 - 31 - -10) - 5?
31
What is -12 + (-3 - -21 - 15)?
-9
Evaluate 46 + -28 - 19 - -28.
27
Evaluate -1 - ((-4 - (2 - -2 - 8)) + -14).
13
Evaluate -3 + 7 + -13 + 5 - 6.
-10
Evaluate -1 - (5 + -7 + 0 + -9 + 6).
4
Calculate -126 + 99 - (-6 + -14).
-7
What is the value of -60 - -51 - (-1 + -1 - 3)?
-4
What is the value of (2 - -1) + (-26 - -35 - 41)?
-29
What is -6 - 29 - (-15 + -12)?
-8
Calculate -33 + 11 + 13 + (18 - 3).
6
(-3 + 2 - -6) + 0 + -6 + -1
-2
Evaluate 10 + (-23 + 4 - -32).
23
Calculate (-2 - -9) + (16 - 8) + 23 + -10.
28
What is -2659 + 2668 + 10 + 0 + -1?
18
-10 + (44 - 19) + -17
-2
What is (-17 - (-14 + 8)) + (8 - -2)?
-1
Evaluate -10 + 13 - (4 - -5) - (-7 + 3).
-2
Evaluate (1 + -9 - -1) + 65 + -61 - -13.
10
What is -5 + (-64 - -25) + 39?
-5
What is (5 - -5) + -7 + (-8 - 2 - 5)?
-12
8 + 0 + 1 + 24 + -23
10
Evaluate 21 + -43 + (10 + 2 - 5).
-15
Evaluate 3 - (10 + 13 + (14 - 22)).
-12
What is 2 - -40 - (52 - (34 - -3))?
27
What is 32 + -22 - (6 - 5)?
9
Evaluate 1 + -25 + 24 + (1 - (-2 - -3)).
0
-1278 + 1265 - (-21 + 1)
7
4 + (3 - -8) + 26 + -64
-23
Evaluate (10 - 31) + 9 + (6 - 7).
-13
What is the value of 17 + -21 + -2 + 1 + 11?
6
(-18 - (-14 + 5)) + 7 - -5
3
(9 - (7 + 7)) + 16
11
What is the value of 1 - 8 - ((17 - 1) + -5 + -4)?
-14
What is -4 - -10 - (-3 + (3 - (-9 + 4)))?
1
Calculate -1 - (-10 - 1) - (-31 + 36 + 25).
-20
What is (-3 - 0) + (-16 - -10)?
-9
-2 - (-2 + (21 - (-8 - 1)))
-30
3 - ((-20 - -9) + 14 + 8 + 0)
-8
Calculate -22 - (1 - 6) - (-11 - (0 + -5)).
-11
Calculate (-33 + 40 - (2 - -1)) + 0 + 3.
7
5 + -2 + 22 + -18
7
Calculate (2 - 1 - -16) + -614 + 604.
7
What is 1 + ((-11 - -5) + 6 + 4 - -5)?
10
What is -8 + 0 + 12 - (0 + 7)?
-3
Evaluate (11 - -14) + -22 - 18.
-15
What is 3 + -14 + -11 + 6 + 7?
-9
-33 - (-14 - 1 - (-146 - -143))
-21
Evaluate -2 + (4 + -4 - -4) + -5 + -1.
-4
0 - (-18 - (-7 - 0))
11
Evaluate -16 + 13 + 9 + 4 + -7 + -3.
0
Calculate 5 + -1 - -1 - (-3 + 4 - 9).
13
What is (17 - (3 - (2 + 2))) + (1155 - 1167)?
6
Calculate (-2 - 4 - (32 - 31)) + 2 + 19.
14
Evaluate 12 + 0 + -3 + -1 + -1.
7
What is (2 - (0 + -5 - -7)) + -13?
-13
What is -40 + 65 + -40 + 0?
-15
647 - 614 - (13 - -1)
19
Evaluate 15 + -8 - 2 - (6 - 9).
8
Evaluate (-112 - -45) + 30 + -2.
-39
12 - (50 - 15) - -12
-11
6 - (-48 - -23 - -52)
-21
What is the value of 15 - 0 - (-4 + (-8 - -16))?
11
Calculate 20 + (-6 + 4 - 0 - (-88 + 91)).
15
8 + -30 + (14 - -5)
-3
0 - 17 - (-349 + 352)
-20
11 + -36 + -4 + 21
-8
-83 + 85 + (-3 - 8)
-9
Calculate -30 - 2 - (-20 - 31 - -50).
-31
What is the value of -1 + (-1 - -1) - (-47 + (0 - -35))?
11
What is (19 - 10) + (2 + 8 + -4 - -7)?
22
What is 1 + 1 + 10 + -1 + 12?
23
Evaluate 40 + -4 - (15 - -8).
13
What is the value of 6 - (8 - 12 - 3) - -17?
30
Evaluate 81 + (-83 - -44) - 8.
34
What is the value of -1 + -1 - (-969 + 971)?
-4
What is the value of 15 + (18 - -1 - 19)?
15
Calculate -36 + (-12 - -35) + -14.
-27
Evaluate 30 + -2 + 1 + (13 - 6) + -6.
30
13 - 1 - (14 + -6 + 18 + -35)
21
What is the value of 2 - 3 - (33 + -26)?
-8
-12 + -17 + 7 - -5
-17
What is 2 - (6 + (-8 - 0) + 5)?
-1
Calculate -1 - (2 + (-16 - -11) - (10 + 1)).
13
Evaluate 0 - 7 - -5 - (15 + -7 - 19).
